{"id":2695,"date":"2020-07-18T01:48:05","date_gmt":"2020-07-18T01:48:05","guid":{"rendered":"https:\/\/mega1969.com\/?page_id=2695"},"modified":"2022-05-28T11:51:12","modified_gmt":"2022-05-28T11:51:12","slug":"pet-can","status":"publish","type":"page","link":"https:\/\/megamachinery.com\/spanish\/solution\/pet-can\/","title":{"rendered":"Latas de PET"},"content":{"rendered":"<div class=\"wpb-content-wrapper\"><p>[vc_row][vc_column]<h2 class='heading-left  divider-sm' ><span>Latas de PET<\/span><\/h2>[vc_empty_space][\/vc_column][\/vc_row][vc_row][vc_column width=&#8221;1\/2&#8243;]<h4 class='heading-left  divider-modern'  style='color: #1e73be'><span>\u2192 Introduci\u00f3n Sencilla<\/span><\/h4>[vc_column_text]Las latas de PET est\u00e1n cada vez m\u00e1s popular \u00faltimamente, debido a la propiedad de PET, las latas moldeada por estilrado&amp;soplado tienen algunas ventajas de menos coste de producci\u00f3n , cuerpo transparente, y larga vida \u00fatil . En el mercado e market, el productor de bebidas prefiere utilizar las latas de PET para que el l\u00edquido colorado.<\/p>\n<p>MEGA\u00a0 proporciona dos soluci\u00f3nes de latas de PET, una est\u00e1 con cortadora, el procetimiento es primero soplar la preforma ,y despu\u00e9s,cortar la parte de arriba para dar forma de lata. Y otra manera es soplar la lata de PET diectamente por la preforma de PET especialmente hecha. Los dos sistemas de latas de PET pueden cumplirse distintos requisitos.[\/vc_column_text]<div class='table-responsive'><table class='table table-striped table-bordered'><thead  class='bg-primary'><tr><th>Applications<\/th><\/tr><\/thead><tbody><tr><td>CSD, Juice, beer, colorful beverage\u2026<\/td><\/tr><tr><td>Advantages<\/td><\/tr><tr><td>Less production cost, transparent body shape<\/td><\/tr><\/tbody><\/table><\/div>[\/vc_column][vc_column width=&#8221;1\/2&#8243;][vc_single_image image=&#8221;5306&#8243; img_size=&#8221;full&#8221;][vc_column_text]<\/p>\n<p style=\"text-align: center;\">Muestras de Latas de PET<\/p>\n<p>[\/vc_column_text][\/vc_column][\/vc_row][vc_row][vc_column][vc_column_text]Mega Maquinaria , un profesional proveedor de equipos de moldeos por soplado en China..[\/vc_column_text][\/vc_column][\/vc_row][vc_row][vc_column]<h4 class='heading-left  style-1'  style='color: #1e73be'><span>\u2192M\u00e1quinas relacionadas de moldeo por soplado:<\/span><\/h4>[vc_column_text]Directamente de las Preformsa de PET a las Latas<br \/>\n<span class=\"hui\"><a href=\"https:\/\/www.megamachinery.com\/portfolio\/ss-series-automatic-blow-molding-machines\/\">&#8211; MG-SS Stretch blow molding machine<\/a><br \/>\n<\/span>Por el m\u00e9todo de la m\u00e1quina cortadora<br \/>\n<span class=\"hui\"><a href=\"https:\/\/www.megamachinery.com\/portfolio\/ss-series-automatic-blow-molding-machines\/\">&#8211; MG-SS Stretch blow molding machine\u00a0<\/a><\/span><br \/>\n<span class=\"hui\"><a href=\"https:\/\/www.megamachinery.com\/portfolio\/economical-blow-moulding-machines\/\">&#8211; MG-E Stretch blow molding machine<\/a><\/span><br \/>\n<span class=\"hui\"><a href=\"https:\/\/www.megamachinery.com\/portfolio\/rotary-blow-moulding-machines\/\">&#8211; RB Rotary Stretch blow molding machine<\/a><\/span><br \/>\n<span class=\"hui\"><a href=\"https:\/\/www.megamachinery.com\/portfolio\/electric-stretch-blow-moulding-machines\/\">&#8211; EB Electric Stretch blow molding machine<\/a><\/span>[\/vc_column_text][\/vc_column][\/vc_row]<\/p>\n<\/div>","protected":false},"excerpt":{"rendered":"<p>[vc_row][vc_column][ &hellip;<\/p>\n","protected":false},"author":3,"featured_media":0,"parent":2677,"menu_order":0,"comment_status":"closed","ping_status":"closed","template":"","meta":{"nf_dc_page":"","footnotes":""},"class_list":["post-2695","page","type-page","status-publish","hentry"],"jetpack_sharing_enabled":true,"_links":{"self":[{"href":"https:\/\/megamachinery.com\/spanish\/wp-json\/wp\/v2\/pages\/2695","targetHints":{"allow":["GET"]}}],"collection":[{"href":"https:\/\/megamachinery.com\/spanish\/wp-json\/wp\/v2\/pages"}],"about":[{"href":"https:\/\/megamachinery.com\/spanish\/wp-json\/wp\/v2\/types\/page"}],"author":[{"embeddable":true,"href":"https:\/\/megamachinery.com\/spanish\/wp-json\/wp\/v2\/users\/3"}],"replies":[{"embeddable":true,"href":"https:\/\/megamachinery.com\/spanish\/wp-json\/wp\/v2\/comments?post=2695"}],"version-history":[{"count":4,"href":"https:\/\/megamachinery.com\/spanish\/wp-json\/wp\/v2\/pages\/2695\/revisions"}],"predecessor-version":[{"id":5491,"href":"https:\/\/megamachinery.com\/spanish\/wp-json\/wp\/v2\/pages\/2695\/revisions\/5491"}],"up":[{"embeddable":true,"href":"https:\/\/megamachinery.com\/spanish\/wp-json\/wp\/v2\/pages\/2677"}],"wp:attachment":[{"href":"https:\/\/megamachinery.com\/spanish\/wp-json\/wp\/v2\/media?parent=2695"}],"curies":[{"name":"wp","href":"https:\/\/api.w.org\/{rel}","templated":true}]}}