{"id":2644,"date":"2020-07-17T05:57:18","date_gmt":"2020-07-17T05:57:18","guid":{"rendered":"https:\/\/mega1969.com\/?page_id=2644"},"modified":"2022-04-25T05:20:55","modified_gmt":"2022-04-25T05:20:55","slug":"pet-moulds","status":"publish","type":"page","link":"https:\/\/megamachinery.com\/spanish\/products\/pet-moulds\/","title":{"rendered":"Moldes de PET"},"content":{"rendered":"<div class=\"wpb-content-wrapper\"><p>[vc_row][vc_column width=&#8221;1\/4&#8243;][vc_empty_space][vc_single_image image=&#8221;5298&#8243; img_size=&#8221;full&#8221;]<h5 class='heading-left  divider-sm' ><span>Nuevo Molde de Preforma de 72 Cavidades<\/span><\/h5>[\/vc_column][vc_column width=&#8221;3\/4&#8243;]<h4 class='heading-left  divider-modern'  style='color: #1e73be'><span>Moldes de PET <\/span><\/h4>[vc_column_text]Mega es un profesional proveedor,fabricante y dise\u00f1ador de moldes de preformas de PET en China. Nuestro departamento de moldes de PET ofrece un equipo dedicado a todos los tipos de dise\u00f1os de preformas y fabrica diferentes tipos de moldes de preformas , tales como los moldes de preformas de espesor que principalmente se dise\u00f1an para las preformas de PET para 5 galones , los moldes de preformas de gran boca que se utilizan ampliamente para la industria de nueces o dulces y otros moldes de preformas normales para el agua embotellada, CSD, aceites comestibles y etc.[\/vc_column_text][vc_column_text]La nueva avanzada colada caliente con el sistema de v\u00e1lvula-compuerta para los moldes de preformas de micro-paso de husillo se han\u00a0 \u00a0introducido al mercado, que\u00a0 ayuda al productor de preformas a bajar el consumo de energ\u00eda de los moldes y el tonelaje del sistema de moldeo de preformas. El n\u00famero de cavidades es de hasta 96 cavidades para los acabados del cuello est\u00e1ndar, tales\u00a0 como el PCO 1881, el PCO 1810, el 30\/25, y se mantienen libremente por el dise\u00f1o de rodillos de levas para la division del hilo<\/p>\n<p>MEGA proporciona el sevicio de la renovaci\u00f3n de los moldes de preformas y la conversi\u00f3n del peso de la preforma y la boquilla para otras marcas.<\/p>\n<p>[\/vc_column_text][\/vc_column][\/vc_row][vc_row][vc_column width=&#8221;1\/3&#8243;][vc_single_image image=&#8221;5296&#8243; img_size=&#8221;full&#8221; style=&#8221;vc_box_outline&#8221; onclick=&#8221;custom_link&#8221; link=&#8221;https:\/\/www.megamachinery.com\/products\/pet-moulds\/pet-preform-moulds\/&#8221;]<h5 class='heading-left  divider-sm' ><span>Moldes de Preformas de PET<\/span><\/h5>[vc_column_text]manufacturer, supplier and maker. Our PET mould department offers the dedicated team for all kinds of preform designs and manufacturing &#8230; <a href=\"https:\/\/www.megamachinery.com\/products\/pet-moulds\/pet-preform-moulds\/\">[More]<\/a>[\/vc_column_text][\/vc_column][vc_column width=&#8221;1\/3&#8243;][vc_single_image image=&#8221;5279&#8243; img_size=&#8221;full&#8221; style=&#8221;vc_box_outline&#8221; onclick=&#8221;custom_link&#8221; link=&#8221;https:\/\/www.megamachinery.com\/products\/pet-moulds\/wide-mouth-preform-moulds\/&#8221;]<h5 class='heading-left  divider-sm' ><span>Moldes de Preformas de Gran Boca <\/span><\/h5>[vc_column_text]Molde de preforma de gran boca, tambi\u00e9n llamado molde de preforma de tarro. Las preformas de tarro o las preformas de gran boca\u00a0 se dise\u00f1an principalmente para el dulce &#8230; [M\u00e1s][\/vc_column_text][\/vc_column][vc_column width=&#8221;1\/3&#8243;][vc_single_image image=&#8221;5269&#8243; img_size=&#8221;full&#8221; style=&#8221;vc_box_outline&#8221; onclick=&#8221;custom_link&#8221; link=&#8221;https:\/\/www.megamachinery.com\/products\/pet-moulds\/5-gallon-preform-moulds\/&#8221;]<h5 class='heading-left  divider-sm' ><span>Moldes de Preformas de 5 Galones<\/span><\/h5>[vc_column_text]Los moldes de preformas de 5 galones, tambi\u00e9n se llaman moldes de preformas de pared gruesa, son dise\u00f1ados principalmente para el dispensador de agua y el enfriador de agua. [M\u00e1s][\/vc_column_text][\/vc_column][\/vc_row][vc_row][vc_column width=&#8221;1\/3&#8243;][vc_single_image image=&#8221;5294&#8243; img_size=&#8221;full&#8221; style=&#8221;vc_box_outline&#8221; onclick=&#8221;custom_link&#8221; link=&#8221;https:\/\/www.megamachinery.com\/products\/pet-moulds\/cap-and-closure-mould\/&#8221;]<h5 class='heading-left  divider-sm' ><span>Moldes de Tapa y Cierre<\/span><\/h5>[vc_column_text]Mega es el proveedor, fabricante y disenador profesional de moldes para tapones. Nuestro departamento de molde de cierre ofrece ofrece un equipo especializado para todo tipo de dise\u00f1os de tapa y &#8230;[M\u00e1s][\/vc_column_text][\/vc_column][vc_column width=&#8221;1\/3&#8243;][vc_single_image image=&#8221;5242&#8243; img_size=&#8221;full&#8221; style=&#8221;vc_box_outline&#8221; onclick=&#8221;custom_link&#8221; link=&#8221;https:\/\/www.megamachinery.com\/portfolio\/pet-blow-mould\/&#8221;]<h5 class='heading-left  divider-sm' ><span>Moldes de soplado de PET<\/span><\/h5>[vc_column_text]Mega suministra variedades de moldes de soplado de PET, que han cubierto todos los campos de agua mineral, refrescos y jugos, as\u00ed como en otros usos alimentarios y no alimentarios. [M\u00e1s][\/vc_column_text][\/vc_column][vc_column width=&#8221;1\/3&#8243;][\/vc_column][\/vc_row]<\/p>\n<\/div>","protected":false},"excerpt":{"rendered":"<p>[vc_row][vc_column w &hellip;<\/p>\n","protected":false},"author":3,"featured_media":0,"parent":1461,"menu_order":0,"comment_status":"closed","ping_status":"closed","template":"","meta":{"nf_dc_page":"","footnotes":""},"class_list":["post-2644","page","type-page","status-publish","hentry"],"jetpack_sharing_enabled":true,"_links":{"self":[{"href":"https:\/\/megamachinery.com\/spanish\/wp-json\/wp\/v2\/pages\/2644","targetHints":{"allow":["GET"]}}],"collection":[{"href":"https:\/\/megamachinery.com\/spanish\/wp-json\/wp\/v2\/pages"}],"about":[{"href":"https:\/\/megamachinery.com\/spanish\/wp-json\/wp\/v2\/types\/page"}],"author":[{"embeddable":true,"href":"https:\/\/megamachinery.com\/spanish\/wp-json\/wp\/v2\/users\/3"}],"replies":[{"embeddable":true,"href":"https:\/\/megamachinery.com\/spanish\/wp-json\/wp\/v2\/comments?post=2644"}],"version-history":[{"count":4,"href":"https:\/\/megamachinery.com\/spanish\/wp-json\/wp\/v2\/pages\/2644\/revisions"}],"predecessor-version":[{"id":5438,"href":"https:\/\/megamachinery.com\/spanish\/wp-json\/wp\/v2\/pages\/2644\/revisions\/5438"}],"up":[{"embeddable":true,"href":"https:\/\/megamachinery.com\/spanish\/wp-json\/wp\/v2\/pages\/1461"}],"wp:attachment":[{"href":"https:\/\/megamachinery.com\/spanish\/wp-json\/wp\/v2\/media?parent=2644"}],"curies":[{"name":"wp","href":"https:\/\/api.w.org\/{rel}","templated":true}]}}