{"id":2182,"date":"2020-07-02T00:23:12","date_gmt":"2020-07-02T00:23:12","guid":{"rendered":"https:\/\/mega1969.com\/?page_id=2182"},"modified":"2022-06-02T08:04:43","modified_gmt":"2022-06-02T08:04:43","slug":"semi-automatic-blow-moulding-machines","status":"publish","type":"page","link":"https:\/\/megamachinery.com\/spanish\/products\/semi-automatic-blow-moulding-machines\/","title":{"rendered":"M\u00e1quinas Semi-autom\u00e1ticas de Moldeo por Soplado"},"content":{"rendered":"<div class=\"wpb-content-wrapper\"><p>[vc_row][vc_column]<h4 class='heading-left  divider-modern'  style='color: #1e73be'><span>M\u00e1quinas de Moldeo por Soplado Semi-autom\u00e1ticas<\/span><\/h4>[vc_empty_space][vc_column_text]Mega Maquinaria es el fabricante y proveedor profesional de m\u00e1quinas semi-autom\u00e1ticas de moldeo por soplado en China. Mega Maquinaria tiene una rica historia en la fabricaci\u00f3n de m\u00e1quinas de moldeo por soplado semi-autom\u00e1ticas. Despu\u00e9s de d\u00e9cadas de actualizaci\u00f3n t\u00e9cnica, algunas m\u00e1quinas se han perdido de vista, mientras que otras se han mejorado hasta el \u00faltimo nivel. Las m\u00e1quinas de moldeo por soplado semi-autom\u00e1ticas, que incluyen la\u00a0 MG-880, la MG-600, la MG-90, la MG-Jar700, la MG-900 y la MG-5IIB, sigue desempe\u00f1ando un papel muy importante en el mercado de botellas de pl\u00e1stico. La MG-600 en particular es\u00a0 dise\u00f1ado para LUHUA GROUP para hacer los contenedores de aceite de man\u00ed de 5L. Esta serie es ampliamente utilizada para producir recipientes para bebidas carbonatadas, agua mineral, aceite comestible, pesticidas y cosm\u00e9ticos, y tambi\u00e9n para fabricar frascos y recipientes de llenado en caliente. Esos contenedores van desde un balde de 5 galones, una pantalla de l\u00e1mpara hasta una botella con gotas para los ojos.<\/p>\n<p>[\/vc_column_text][\/vc_column][\/vc_row][vc_row][vc_column width=&#8221;1\/3&#8243;][vc_single_image image=&#8221;5231&#8243; img_size=&#8221;full&#8221; style=&#8221;vc_box_outline&#8221; onclick=&#8221;custom_link&#8221; link=&#8221;https:\/\/www.megamachinery.com\/portfolio\/mg-sa-blow-moulding-machines\/&#8221;]<h5 class='heading-left  divider-lg' ><span>MG-SA M\u00e1quinas de Moldeo por Soplado<\/span><\/h5>[vc_column_text]La m\u00e1quina de moldeo por soplado de la serie SA es la \u00faltima m\u00e1quina de moldeo por soplado de PET semi-autom\u00e1tica de alto rendimiento. [m\u00e1s][\/vc_column_text][\/vc_column][vc_column width=&#8221;1\/3&#8243;][vc_single_image image=&#8221;5221&#8243; img_size=&#8221;full&#8221; style=&#8221;vc_box_outline&#8221; onclick=&#8221;custom_link&#8221; link=&#8221;https:\/\/www.megamachinery.com\/portfolio\/mg-880-semi-automatic-stretch-blow-moulding-machine\/&#8221;]<h5 class='heading-left  divider-lg' ><span>MG-880 M\u00e1quina Semiautom\u00e1tica de Moldeo por Estirado&amp;Soplado <\/span><\/h5>[vc_column_text]La m\u00e1quina semi-autom\u00e1ticade moldeo por soplado MG-880 se ha mejorado sobre la base de MG-5IIB, [m\u00e1s][\/vc_column_text][\/vc_column][vc_column width=&#8221;1\/3&#8243;][vc_single_image image=&#8221;5222&#8243; img_size=&#8221;full&#8221; style=&#8221;vc_box_outline&#8221; onclick=&#8221;custom_link&#8221; link=&#8221;https:\/\/www.megamachinery.com\/portfolio\/mg-900-semi-automatic-pet-blow-moulding-machine\/&#8221;]<h5 class='heading-left  divider-lg' ><span>MG-900 M\u00e1quina Semi-autom\u00e1tica de Moldeo por Soplado de PET<\/span><\/h5>[vc_column_text]La m\u00e1quina de moldeo por soplado semi-autom\u00e1tica MG-900 se ha mejorado sobre la base de MG-880. [m\u00e1s][\/vc_column_text][\/vc_column][\/vc_row][vc_row][vc_column width=&#8221;1\/3&#8243;][vc_single_image image=&#8221;5218&#8243; img_size=&#8221;full&#8221; style=&#8221;vc_box_outline&#8221; onclick=&#8221;custom_link&#8221; link=&#8221;https:\/\/www.megamachinery.com\/portfolio\/mg-90-pet-blow-moulding-machine-for-large-pet-bottles\/&#8221;]<h5 class='heading-left  divider-lg' ><span>MG-90 M\u00e1quina Semi-autom\u00e1tica de Moldeo por Soplado de PET para las botellas grandes de PET<\/span><\/h5>[vc_column_text]La m\u00e1quina de moldeo por soplado PET MG-90 para las botellas PET grandes\u00a0 se dise\u00f1an especialmente para producir envases PET de 5 gal [m\u00e1s][\/vc_column_text][\/vc_column][vc_column width=&#8221;1\/3&#8243;][vc_single_image image=&#8221;5220&#8243; img_size=&#8221;full&#8221; style=&#8221;vc_box_outline&#8221; onclick=&#8221;custom_link&#8221; link=&#8221;https:\/\/www.megamachinery.com\/portfolio\/mg-jar700-semi-automatic-blow-moulding-machine\/&#8221;]<h5 class='heading-left  divider-lg' ><span>MG-Jar700 M\u00e1quina Semi-autom\u00e1tica de Moldeo por Soplado <\/span><\/h5>[vc_column_text]Mega es un fabricante profesional chino de m\u00e1quinas de moldeo por soplado para envases PET de cuello ancho y boca ancha. [m\u00e1s][\/vc_column_text][\/vc_column][vc_column width=&#8221;1\/3&#8243;][vc_single_image image=&#8221;5232&#8243; img_size=&#8221;full&#8221; style=&#8221;vc_box_outline&#8221; onclick=&#8221;custom_link&#8221; link=&#8221;https:\/\/www.megamachinery.com\/portfolio\/mg-sa2-m-l-semi-automatic-blow-moulding-machine\/&#8221;]<h5 class='heading-left  divider-lg' ><span>MG-SA2 M \/ L M\u00e1quina Semi-autom\u00e1tica de Moldeo por Soplado<\/span><\/h5>[vc_column_text]La\u00a0 sopladora semi-autom\u00e1tica MG-SA2L es una m\u00e1quina mejora sobre la base de nuestra\u00a0 MG-600, [m\u00e1s][\/vc_column_text][\/vc_column][\/vc_row][vc_row][vc_column][vc_icon icon_fontawesome=&#8221;fas fa-arrow-circle-up&#8221; color=&#8221;black&#8221; align=&#8221;center&#8221;][\/vc_column][\/vc_row]<\/p>\n<\/div>","protected":false},"excerpt":{"rendered":"<p>[vc_row][vc_column][ &hellip;<\/p>\n","protected":false},"author":3,"featured_media":0,"parent":1461,"menu_order":0,"comment_status":"closed","ping_status":"closed","template":"","meta":{"nf_dc_page":"","footnotes":""},"class_list":["post-2182","page","type-page","status-publish","hentry"],"jetpack_sharing_enabled":true,"_links":{"self":[{"href":"https:\/\/megamachinery.com\/spanish\/wp-json\/wp\/v2\/pages\/2182","targetHints":{"allow":["GET"]}}],"collection":[{"href":"https:\/\/megamachinery.com\/spanish\/wp-json\/wp\/v2\/pages"}],"about":[{"href":"https:\/\/megamachinery.com\/spanish\/wp-json\/wp\/v2\/types\/page"}],"author":[{"embeddable":true,"href":"https:\/\/megamachinery.com\/spanish\/wp-json\/wp\/v2\/users\/3"}],"replies":[{"embeddable":true,"href":"https:\/\/megamachinery.com\/spanish\/wp-json\/wp\/v2\/comments?post=2182"}],"version-history":[{"count":4,"href":"https:\/\/megamachinery.com\/spanish\/wp-json\/wp\/v2\/pages\/2182\/revisions"}],"predecessor-version":[{"id":5516,"href":"https:\/\/megamachinery.com\/spanish\/wp-json\/wp\/v2\/pages\/2182\/revisions\/5516"}],"up":[{"embeddable":true,"href":"https:\/\/megamachinery.com\/spanish\/wp-json\/wp\/v2\/pages\/1461"}],"wp:attachment":[{"href":"https:\/\/megamachinery.com\/spanish\/wp-json\/wp\/v2\/media?parent=2182"}],"curies":[{"name":"wp","href":"https:\/\/api.w.org\/{rel}","templated":true}]}}